- 196 = -4*x. What is the highest common divisor of x and 4?
4
Let h = -114 - -149. Suppose 4*d + 23 = 71. Let c = d + -5. Calculate the greatest common factor of c and h.
7
Suppose 0 = 6*n - 4*n - 8, -4*i = -3*n - 8. Suppose k = -i*k - 408. Let h = -46 - k. Calculate the greatest common divisor of 88 and h.
22
Let c(a) = -a**3 - 16*a**2 - 18*a + 25. Let u(i) = -2*i - 25. Let q be u(-5). Let j be c(q). Calculate the greatest common factor of j and 28.
14
Let i(f) = -3*f - 10 + 5*f - 4. Let q be i(19). Calculate the greatest common factor of q and 3.
3
Suppose -23*u = -8*u - 1080. Calculate the greatest common factor of u and 120.
24
Let c(t) = t + 1. Let l be c(3). Suppose 6*g - 2*g - 175 = -5*m, -5*g - l*m = -221. What is the greatest common divisor of g and 405?
45
Let u be (7/6*-2)/(17 + 28588/(-1680)). Suppose -5*n - 8 = -208. What is the greatest common factor of u and n?
20
Suppose 0 = 2*c - k + 2*k, 0 = -3*c - 3*k - 6. Suppose 97*o + 23 = 98*o. Suppose 0 = 5*a - 47 - o. Calculate the greatest common divisor of a and c.
2
Suppose -3*v = -282 - 246. Suppose 5*m = -11 + 26. Suppose -4*p + 4*h = -84, m*p - 5*h + h - 68 = 0. What is the greatest common factor of v and p?
16
Let k(p) = -32*p + 23 - 23. Let a be k(-1). Suppose 2*x - x = a. What is the greatest common divisor of 64 and x?
32
Let x(y) = y**2 - y + 5. Let b be x(-4). Let i(j) = j**2 + 46*j + 390. Let s be i(-12). Let d = s + b. What is the highest common factor of 7 and d?
7
Let t(u) = -2*u + 68. Let x be t(17). What is the greatest common divisor of 272 and x?
34
Suppose 4*x - 2 = -3*o + 57, 0 = -5*o + 3*x + 108. Calculate the highest common factor of 1491 and o.
21
Let t(a) = a**3 + 4*a**2 - 3*a - 5. Let r = 6 + -10. Let i be t(r). Let s be (-8)/(-32) - 27/(-4). Calculate the highest common divisor of i and s.
7
Suppose 0 = -4*v + 2*p + 24, 3*v - 29*p - 40 = -33*p. What is the highest common divisor of 1 and v?
1
Let n(q) be the first derivative of 75*q**4/4 + q - 5. Let g be n(-1). Let z = g + 103. Calculate the greatest common divisor of 203 and z.
29
Let g be 369/6*(-8)/(-6). Suppose g*b = 87*b - 50. Calculate the greatest common divisor of 2 and b.
2
Let x be -4*2*2/(-8). Suppose a + x*a + 110 = 2*c, 5*c = -3*a + 275. Suppose -10*i - 14 + 234 = 0. Calculate the highest common factor of i and c.
11
Suppose 4*z + o - 72 = 0, -54 = -0*z - 3*z + 5*o. Let f(q) = 2*q**2 - 21*q - 131. Let v be f(16). What is the greatest common divisor of z and v?
9
Let z be 71 + (-1)/(-1) + 0. What is the highest common factor of z and 180?
36
Let l(p) = -27*p**3 + p**2 - 4*p - 4. Let b be l(-2). Let r = b - 152. Let q be (-5)/(-20) + (-142)/(-8). What is the greatest common factor of r and q?
18
Suppose -5*u - 12 + 60 = -2*k, -4*k - 16 = 0. Suppose -q + 8 = 2*t, q + 3*q - u = 4*t. What is the highest common factor of q and 4?
4
Let g = -133 + 190. Let n = g - 41. Let d = 74 + 70. Calculate the greatest common divisor of d and n.
16
Let t be (-8)/(-16) + 7/4*6. Suppose -t*k + 12 = -9*k. Calculate the greatest common factor of 6 and k.
6
Let n be 9639/105*(2 - (-3 + 0)). Calculate the highest common factor of 17 and n.
17
Let p = 18 - -32. Let b(m) = -m - 14. Let f be b(-17). Suppose -2*z + 1 = -t + 11, f*z + 40 = 4*t. What is the highest common divisor of p and t?
10
Let k(w) = -5*w**3 - 14*w**2 + 19*w + 8. Let b be k(-4). Calculate the highest common divisor of 378 and b.
14
Suppose 5*c + 10*v = 7*v + 18, 5*c - 50 = 5*v. Calculate the greatest common divisor of c and 16.
2
Let l be ((-60)/21)/(10/(-35)). Let q be (-4)/(-18)*396/(14 - -8). What is the greatest common factor of l and q?
2
Let w be -6 + 52 + (3 - -1). Calculate the highest common divisor of w and 200.
50
Let v = -2283 + 2294. Let b(i) = -i**2 - 7*i + 1. Let k be b(-7). What is the greatest common factor of k and v?
1
Let d = -23 - -38. Let i(c) = -11*c**3 + c. Let s be i(-1). Suppose 0 = -s*v + 7*v + 225. Calculate the greatest common divisor of d and v.
15
Let c be (46 - 2)/4 + 1. Let g = c + 10. Suppose -5*n - 4*u = -7*u - 269, -224 = -4*n - 2*u. Calculate the greatest common factor of g and n.
11
Let j = -437 - -627. Calculate the greatest common factor of 10 and j.
10
Let t = -41 + 59. Let r(u) = u + 1. Let k(q) = -128*q + 16. Let z(w) = k(w) - 16*r(w). Let d be z(-1). What is the greatest common factor of t and d?
18
Suppose 137*x = 150*x - 5408. Calculate the highest common factor of 32 and x.
32
Let l be (-1)/1*(-1 + -8). Let b be 1*-62*(-90)/(-60). Let d = b + 111. What is the greatest common factor of l and d?
9
Suppose 0 + 95 = 5*p. Let t = 29 - p. Calculate the greatest common divisor of t and 80.
10
Suppose 46*j = 42*j + 1268. Suppose -2*g = 2*f - 238, -g - 2*g + 5*f = -j. Calculate the highest common factor of 38 and g.
38
Let m be 35/(-2)*(-40)/50. Let r = -8 + m. Calculate the greatest common divisor of r and 66.
6
Suppose -3*y - 6 = 0, 4*b - 2*y - 39 = 3*b. Calculate the greatest common divisor of 55 and b.
5
Let x(h) = -7*h**2 + 5*h - 270. Let q(a) = -3*a**2 + 2*a - 135. Let f(c) = -5*q(c) + 2*x(c). Let o be f(0). Calculate the highest common divisor of 15 and o.
15
Let z(o) = 2*o**3 + 3*o + 2. Let y be z(3). Let r be (-1660)/(-28) - (-2)/(-7). Let f = 72 - r. What is the highest common divisor of f and y?
13
Let g be 2*(3 - ((-99)/6 - -10)). Let o be ((-1)/2)/(2/(-76)). What is the greatest common factor of o and g?
19
Let u(x) = x**3 - 19*x**2 - 65*x + 6. Let i be u(22). Calculate the greatest common divisor of 756 and i.
28
Let j(r) = -4*r - 1 - r**2 - r**2 - 3*r**2 + 6*r**2. Let q be j(5). Calculate the highest common factor of 16 and q.
4
Suppose -2*z + 2*w - 25 = -95, -3*z = -4*w - 104. What is the greatest common factor of z and 132?
12
Suppose 2*n + 5*x + 16 = 0, -x - 2 = 2. Let l = -37 - -42. Suppose 3*o - 2*o + g = 8, 4*o = -l*g + 36. Calculate the greatest common divisor of n and o.
2
Let y = -1229 + 1325. What is the greatest common divisor of 78 and y?
6
Let k be ((-9)/4)/(3/(-8)). Suppose -s + 13 = 11. Suppose s*n = 7*n - 30. Calculate the highest common divisor of n and k.
6
Suppose -5*h + 32 - 12 = 0. Let l be 8*1/(-2 + 3). Suppose v - 12 - l = -3*n, -h*v = 2*n. What is the greatest common factor of 20 and n?
4
Suppose -2*u + c - 28 = 0, 4*c + 4 = 5*u + 71. Let s be -2*(-3)/u*-55. Let f be 106/s + (-6)/(-33). What is the greatest common divisor of 15 and f?
5
Let g(m) = 8*m**2 + 2*m - 14. Let q be g(2). Suppose 0 = 3*d - 10 + 1. Let h be d + -1 + (-2 - -2). What is the highest common divisor of h and q?
2
Let q(v) = v**2 + v - 5. Let x be q(4). Suppose 0 = 11*y + 3*y - 840. What is the greatest common divisor of x and y?
15
Let p = -221 - -229. What is the highest common divisor of 256 and p?
8
Suppose 3*u + 20 = 4*u. Let q(b) = -57 + 2*b - b**3 + 5*b**2 - 7*b + 71. Let s be q(4). What is the highest common factor of s and u?
10
Let s be (-153)/(-17) - (-4 + 1). Let x = 27 - s. Suppose x = 5*b - 25. Calculate the greatest common factor of 24 and b.
8
Let h be 5090/(-130) - (-2)/13. Let g = 71 + h. Suppose 5*l + 8 = -3*r, -14 = -r + 4*l + 6. Calculate the highest common factor of g and r.
4
Suppose 480 = -27*k + 1938. What is the greatest common divisor of 9 and k?
9
Let n(a) = -a - 17. Let s be n(-7). Let b = s + 15. Suppose -b*t - c = -50, -3*t + 7*t - 40 = 5*c. What is the greatest common divisor of 40 and t?
10
Suppose -25 = 6*d - 37. Suppose 10 - 64 = -3*o + d*x, 4*o - 70 = 2*x. What is the highest common divisor of o and 40?
8
Let r = 1977 + -1932. Calculate the highest common divisor of r and 2205.
45
Suppose -12*d + 7*d - 1185 = 0. Let g = d + 337. What is the highest common divisor of 20 and g?
20
Let q(d) be the first derivative of -d**4/4 + 14*d**3/3 + 12*d + 2. Let a = 4 + 10. Let n be q(a). What is the greatest common divisor of n and 3?
3
Suppose 278*s - 153 = 277*s. What is the greatest common factor of 17 and s?
17
Let w be 7/308*8 + (-4156)/(-11). Calculate the greatest common divisor of w and 28.
14
Let b be 1 - 0 - (-5)/(35/287). What is the highest common factor of 210 and b?
42
Let l = -3 + 25. Suppose w = -0*w + l. What is the greatest common factor of w and 33?
11
Let b be (-2)/(10/(-13)) + 4/10. Let p be 170/b + (-20)/30. Calculate the highest common factor of p and 28.
2